472. What is the highest common factor of d and h?
8
Let w(p) = -p**3 - 10*p**2 + 11*p + 6. Suppose 2*y = -4*u - 28 - 18, 0 = u + 3*y + 14. Let v be w(u). What is the greatest common factor of v and 42?
6
Let z be (-3)/(-27) + (-5180)/(-36). What is the greatest common factor of 18 and z?
18
Let h(a) = 194*a**2 - 4*a - 3. Let f be h(-3). Let q be 2/3*f/30. What is the greatest common divisor of q and 13?
13
Let c(y) = 2*y - 19. Let z be c(12). What is the greatest common factor of 15 and z?
5
Let j = 247 - 235. What is the highest common divisor of j and 20?
4
Let k = 73 - 108. Suppose 2*q + 34 = -76. Let a = k - q. Calculate the greatest common divisor of 5 and a.
5
Suppose -485*d + 484*d = -1316. What is the highest common divisor of d and 56?
28
Let k be -1*(1 + -18 + 5 + -2). Calculate the greatest common factor of 7 and k.
7
Suppose o - 10 = -4*o. Suppose 21 + 51 = o*d. Suppose -2*i = -0*i - 4, -d = -3*v + 3*i. What is the highest common divisor of v and 70?
14
Suppose -6*p - 158 - 76 = 0. Let y = p - -55. What is the greatest common divisor of y and 2?
2
Let q(t) = 10*t + 831. Let n be q(30). What is the highest common divisor of n and 78?
39
Suppose 5*u + 16 = 6. Let g = -8 + 8. Let p be (g + u/4)*-34. Calculate the highest common factor of p and 119.
17
Let m = -386 - -425. What is the highest common divisor of 26 and m?
13
Suppose -58 - 77 = -3*c. Let g(n) = -15*n. Let p be g(-1). Calculate the greatest common factor of c and p.
15
Let g(y) = -y**3 - 16*y**2 + 12*y - 7. Let a be g(-17). What is the highest common factor of a and 24?
6
Let z = 276 + -268. Let j(x) = -2*x**3 - 3*x**2 - 4*x - 3. Let m be j(-2). Let a(u) = u - 1. Let q be a(m). Calculate the highest common divisor of q and z.
8
Let w = -18 - -20. Let v(l) = -20 - 2*l + l**3 - 2*l**3 + 2*l**3 + 15*l**w. Let o be v(-15). Calculate the highest common divisor of 40 and o.
10
Let u(f) = -f**2 + 4*f + 2. Let c = -14 + 18. Let y be u(c). Let s(j) = j**3 + 8*j**2 - j - 6. Let v be s(-8). What is the greatest common divisor of v and y?
2
Let b be 487 - (-3)/((-1)/1). Suppose -b - 261 = -5*g. Let c = g - -11. Calculate the highest common factor of c and 64.
32
Let o be -1 - (144/(-6))/(-6) - -82. Suppose -5*d - 5*a - 6 = -3*d, 0 = 3*d + 2*a - 13. Calculate the highest common factor of o and d.
7
Let o = -124 + 70. Let m be 3/(-1)*36/o. Let t be (m - 1)*(11 + 3). Calculate the highest common divisor of t and 70.
14
Let t = 600 - 483. What is the highest common factor of t and 54?
9
Let s be (10 + -16)/(6/(-4)). Suppose 3*h = 4*k + 529, 691 + 13 = 4*h - s*k. What is the highest common factor of 7 and h?
7
Suppose z + 4*g - 29 = 26, 203 = 4*z - g. Let s = z + -14. Calculate the greatest common divisor of s and 333.
37
Suppose -n = 2*o - 18, -o = -2*n - 0*o + 26. Suppose -15*c + 15 = -n*c. What is the greatest common factor of c and 75?
15
Suppose 5*r + 24 = 59. Let w = 19 - r. Calculate the greatest common divisor of 3 and w.
3
Let c be 4*(-6 + -1)*6/(-12). What is the highest common factor of c and 77?
7
Suppose -1 + 3 = -r. Let s(u) = -3*u - 3. Let m be s(r). Suppose 5*v + 3*n - 115 = 74, 0 = -m*n + 9. What is the highest common divisor of v and 4?
4
Let u = -595 - -659. Let x = 17 + -9. Calculate the greatest common divisor of x and u.
8
Suppose 0 = 4*y - 16, -h - 2*y + 121 = -y. Let w be 0*-2*(-3)/(-6) - -39. What is the greatest common factor of h and w?
39
Let b(c) = -7*c + 157. Let s be b(22). What is the greatest common factor of s and 93?
3
Suppose -3*z + 462 = -2*r + 7*r, 4*z = -3*r + 616. Let v(d) = d**3 - 2*d**2 - 4*d - 2. Let a be v(4). What is the highest common factor of z and a?
14
Suppose 3*x + 24 = -3*x. Let v be 66/6 - x*(-2)/(-4). What is the highest common divisor of 91 and v?
13
Let g(c) = -c**2 + 6*c. Let t be g(6). Suppose 0*q = -4*q + 3*j + 584, -3*q - 3*j + 417 = t. Calculate the highest common factor of 13 and q.
13
Let u(v) = 11*v**2 - 3*v + 16. Let i be u(5). Calculate the highest common divisor of i and 24.
12
Let n be 1537/5 + (-3)/(-5). Suppose 94 = 3*l - 2*q, -5*l = 2*q - 3*q - 145. What is the greatest common factor of l and n?
28
Let b = -96 - -98. Suppose b*n + 0*c = 3*c + 58, 2*c = 2*n - 56. What is the greatest common divisor of 13 and n?
13
Let o(w) = -2*w**2 - 3*w + 18. Let z be o(0). What is the greatest common divisor of 22 and z?
2
Let d = -3 - 2. Let b = d + -9. Let j = 25 + b. Calculate the highest common divisor of j and 11.
11
Let k be 4 - (-3 + -158) - -5. Calculate the greatest common divisor of 50 and k.
10
Let s(q) = 24 + 31 - 33 - q. Let l be s(16). What is the greatest common factor of 66 and l?
6
Suppose -89 = -4*s + 115. Suppose 5*v - 26 = 4*g, -3*v + g - 4 = -7*v. Suppose 9 = v*q - s. What is the highest common divisor of 45 and q?
15
Let v = 133 - 88. Let o = -16 - -25. Calculate the greatest common divisor of v and o.
9
Suppose -4*t = -4*o - 36 - 68, 3*t = o + 84. Suppose -4*g = -77 + t. Let m be (252/(-16))/((-3)/16). Calculate the highest common factor of g and m.
12
Let o(u) = u**3 + 10*u**2 - 169*u + 9. Let g be o(9). Suppose -5*n + 243 = -4*n. What is the highest common divisor of n and g?
27
Let k(o) = -9*o + 84. Let x be k(5). What is the highest common factor of 182 and x?
13
Suppose -4*g + 3*g + 19 = 4*f, -f - 25 = -4*g. Suppose -a - 288 = -g*a. Calculate the greatest common divisor of 24 and a.
24
Let d(p) = -24*p + 18. Let i be d(-3). What is the highest common divisor of i and 10?
10
Let c(o) = -1 - 2 - 4 + 1 + 2*o. Let l be c(6). Let q(m) = 9*m**2 - 4*m + 8. Let i be q(l). Calculate the highest common factor of i and 28.
28
Let g = 1656 - 919. What is the greatest common divisor of 11 and g?
11
Let l be 86 - (-1 - -3)*1. Suppose -l = -4*f + 12. Let a be -2*10/f*-6. What is the greatest common divisor of a and 1?
1
Let y = -270 + 280. Calculate the highest common divisor of 70 and y.
10
Suppose -5*g = -6*g + 649. Suppose 0 = 6*n - 443 - g. What is the highest common divisor of n and 26?
26
Let q = 94 - 136. Let n = 54 + q. What is the highest common factor of 96 and n?
12
Let p = -1157 - -1188. What is the greatest common divisor of p and 1?
1
Suppose -68 - 222 = -3*q - 5*v, 4*q + 3*v - 372 = 0. What is the greatest common divisor of 20 and q?
10
Let u be -1 - (45 - -1)/(-2). Let l = -3258 - -3434. What is the greatest common divisor of u and l?
22
Suppose f = -2*u + 5*u + 135, -2*u = 3*f - 405. Calculate the highest common factor of f and 60.
15
Let z = 64 + -67. Let m be 1/(z/(-11) + (-4)/22). Calculate the greatest common divisor of m and 22.
11
Suppose 1 = -v + 5. Suppose -4 = v*r, -3*w + 5*r + 0*r = -83. What is the greatest common divisor of w and 65?
13
Suppose -11*r = -4*p - 7*r + 68, -p - 5*r = 13. Let d be (11/3)/(2/p). Calculate the greatest common divisor of 176 and d.
22
Let z(h) = h**2 - h - 182. Let g be z(-16). What is the greatest common factor of g and 1710?
90
Let r(m) = 4*m**2 - 5*m. Let d be r(3). What is the highest common factor of d and 35?
7
Let f(g) = -15*g**3 - 2*g**2 + 3*g + 7. Let h be f(-3). Calculate the greatest common divisor of h and 55.
55
Let i(b) = b**3 - 2*b**2 - 10*b + 25. Let r be i(5). What is the greatest common divisor of r and 50?
50
Suppose -17*i = -39*i + 242. What is the highest common factor of 1111 and i?
11
Let h = 12 + -9. Let a(s) = 4*s - 2*s**2 + 4*s**2 - h*s. Let j be a(-2). Calculate the greatest common factor of 54 and j.
6
Suppose -14*q + 34*q = 2740. Let y = q + -65. What is the greatest common divisor of y and 9?
9
Suppose 106 + 154 = 5*s. Suppose 7*y - 153 + 62 = 0. Calculate the highest common divisor of y and s.
13
Let t be (-5 + 3)*465/(-10). Let k = t + -67. Calculate the greatest common factor of 234 and k.
26
Let h(q) = -8*q**2 + 10*q - q**2 + 3*q**2 + 9*q**2 + 11. Let k be h(-5). What is the highest common factor of k and 60?
12
Suppose -5*q = t + 84, 0 = 5*q - 4*t + 77 + 12. Let i = -1 - q. What is the highest common divisor of i and 16?
16
Let a = 279 - 253. Suppose t - 38 = 27. Calculate the greatest common divisor of t and a.
13
Let k(j) = -3*j**3 + 22*j**2 - 20*j + 6. Let i be k(6). Let w be (-10)/2 + (2 - 0). Let q = 3 - w. What is the highest common divisor of i and q?
6
Suppose -3*n = n - 40. Let g be 2 - 12/2 - -2. Let q be ((-30)/12)/(